ase 13.
-1
What is -3 (base 10) in base 11?
-3
What is 21 (base 6) in base 13?
10
What is -3 (base 5) in base 3?
-10
What is 2 (base 6) in base 12?
2
Convert -1 (base 11) to base 2.
-1
What is -123 (base 4) in base 16?
-1b
5 (base 7) to base 14
5
1 (base 13) to base 9
1
Convert -65 (base 8) to base 15.
-38
-1100 (base 3) to base 13
-2a
What is 5 (base 12) in base 13?
5
What is 3 (base 8) in base 10?
3
-66 (base 16) to base 12
-86
Convert 0 (base 5) to base 15.
0
Convert -6 (base 14) to base 11.
-6
Convert -1 (base 7) to base 12.
-1
Convert 155 (base 7) to base 9.
108
Convert -1111 (base 3) to base 11.
-37
What is 10 (base 5) in base 15?
5
Convert 34 (base 8) to base 6.
44
What is -5 (base 11) in base 10?
-5
What is -202 (base 5) in base 8?
-64
Convert -10 (base 3) to base 8.
-3
-36 (base 9) to base 13
-27
-8 (base 11) to base 3
-22
Convert -233 (base 6) to base 16.
-5d
Convert 6 (base 15) to base 13.
6
Convert -10 (base 5) to base 2.
-101
Convert 3 (base 14) to base 13.
3
-311 (base 6) to base 2
-1110011
What is 63 (base 9) in base 13?
45
2 (base 9) to base 12
2
What is 1 (base 5) in base 4?
1
What is -1 (base 9) in base 3?
-1
-3 (base 12) to base 13
-3
-61 (base 13) to base 9
-87
What is 20 (base 4) in base 6?
12
What is 48 (base 13) in base 8?
74
Convert 50 (base 10) to base 4.
302
8 (base 9) to base 14
8
What is 16 (base 7) in base 5?
23
a (base 16) to base 8
12
What is -4 (base 10) in base 13?
-4
Convert -79 (base 15) to base 14.
-82
-153 (base 10) to base 13
-ba
a (base 12) to base 13
a
4 (base 14) to base 9
4
What is -8 (base 11) in base 14?
-8
What is -10000100 (base 2) in base 10?
-132
What is 0 (base 11) in base 12?
0
What is -16 (base 8) in base 14?
-10
What is 2c (base 16) in base 4?
230
What is -101 (base 3) in base 14?
-a
3 (base 5) to base 14
3
What is 4 (base 9) in base 13?
4
Convert -245 (base 9) to base 5.
-1303
Convert e (base 15) to base 2.
1110
What is 20 (base 8) in base 3?
121
-12 (base 9) to base 8
-13
What is 34 (base 5) in base 4?
103
24 (base 8) to base 13
17
223 (base 10) to base 2
11011111
-8 (base 15) to base 14
-8
-120 (base 3) to base 11
-14
What is 5 (base 7) in base 12?
5
What is 2 (base 12) in base 2?
10
45 (base 12) to base 13
41
148 (base 16) to base 14
196
229 (base 12) to base 16
141
Convert -1000100 (base 2) to base 11.
-62
-10 (base 11) to base 12
-b
-2 (base 13) to base 2
-10
370 (base 10) to base 7
1036
Convert 19 (base 14) to base 13.
1a
What is 1 (base 7) in base 9?
1
-161 (base 10) to base 9
-188
-2 (base 7) to base 11
-2
What is -4 (base 10) in base 3?
-11
Convert -103 (base 8) to base 15.
-47
Convert -10 (base 8) to base 12.
-8
100 (base 7) to base 6
121
-451 (base 8) to base 13
-19b
What is 53 (base 16) in base 6?
215
-2 (base 16) to base 13
-2
-7 (base 8) to base 7
-10
-2a (base 15) to base 6
-104
2 (base 4) to base 9
2
What is 3c (base 14) in base 4?
312
What is -1 (base 14) in base 13?
-1
-25 (base 6) to base 4
-101
-10 (base 2) to base 10
-2
What is 74 (base 9) in base 3?
2111
What is 201 (base 8) in base 13?
9c
362 (base 8) to base 5
1432
-6 (base 16) to base 12
-6
What is 3 (base 9) in base 3?
10
Convert 6 (base 12) to base 2.
110
What is -214 (base 7) in base 12?
-91
What is -45 (base 8) in base 13?
-2b
6 (base 14) to base 8
6
Convert 1 (base 15) to base 16.
1
Convert 101 (base 3) to base 11.
a
Convert 5 (base 11) to base 9.
5
7 (base 13) to base 4
13
2 (base 14) to base 8
2
What is 11 (base 2) in base 10?
3
What is 1 (base 14) in base 4?
1
Convert -2 (base 7) to base 6.
-2
Convert -1 (base 3) to base 15.
-1
Convert -142 (base 8) to base 9.
-118
Convert 33 (base 4) to base 2.
1111
What is 10 (base 14) in base 4?
32
-24 (base 8) to base 10
-20
11000 (base 2) to base 13
1b
Convert -39 (base 11) to base 10.
-42
10 (base 8) to base 3
22
What is -1 (base 8) in base 9?
-1
What is 17 (base 11) in base 9?
20
Convert 132 (base 7) to base 15.
4c
-1 (base 16) to base 4
-1
Convert 158 (base 10) to base 6.
422
10011 (base 2) to base 5
34
What is -20 (base 8) in base 10?
-16
Convert 1 (base 6) to base 11.
1
What is -102 (base 6) in base 5?
-123
What is -153 (base 8) in base 5?
-412
1 (base 13) to base 7
1
203 (base 7) to base 15
6b
What is -11000 (base 2) in base 16?
-18
Convert 30 (base 4) to base 6.
20
0 (base 4) to base 16
0
Convert 0 (base 15) to base 14.
0
What is -1 (base 6) in base 16?
-1
Convert -68 (base 16) to base 11.
-95
22 (base 7) to base 2
10000
111 (base 4) to base 15
16
Convert 1011 (base 2) to base 8.
13
4 (base 5) to base 16
4
45 (base 7) to base 15
23
What is 2 (base 5) in base 16?
2
What is -20 (base 3) in base 14?
-6
Convert -32 (base 12) to base 2.
-100110
Convert -20 (base 13) to base 12.
-22
Convert -d (base 15) to base 9.
-14
1 (base 6) to base 12
1
What is 10 (base 2) in base 12?
2
Convert 1 (base 5) to base 3.
1
Convert -10 (base 4) to base 11.
-4
-102 (base 3) to base 4
-23
Convert -2 (base 16) to base 5.
-2
What is -112 (base 3) in base 11?
-13
Convert 7 (base 10) to base 13.
7
Convert -11 (base 11) to base 14.
-c
What is -110 (base 4) in base 12?
-18
-1103 (base 5) to base 2
-10011001
What is -4 (base 7) in base 3?
-11
What is 200 (base 3) in base 9?
20
What is -3 (base 7) in base 9?
-3
What is -112 (base 5) in base 11?
-2a
Convert -11 (base 10) to base 3.
-102
What is 4 (base 7) in base 15?
4
What is 3 (base 13) in base 9?
3
What is 15 (base 6) in base 13?
b
What is -21102 (base 3) in base 4?
-3020
1 (base 13) to base 4
1
3 (base 4) to base 14
3
What is -47 (base 10) in base 9?
-52
What is 4 (base 11) in base 12?
4
Convert -10212 (base 3) to base 4.
-1220
What is -20 (base 7) in base 13?
-11
Convert 8 (base 14) to base 6.
12
-7 (base 12) to base 14
-7
0 (base 8) to base 11
0
-186 (base 12) to base 13
-15c
What is -2 (base 15) in base 9?
-2
What is 110 (base 2) in base 7?
6
Convert 6 (base 10) to base 13.
6
What is 11 (base 12) in base 5?
23
Convert -52 (base 8) to base 9.
-46
What is 178 (base 11) in base 7?
413
What is -11 (base 2) in base 7?
-3
-5 (base 11) to base 2
-101
Convert -21211 (base 3) to base 8.
-323
Convert 1 (base 8) to base 2.
1
-4 (base 5) to base 15
-4
-22 (base 14) to base 2
-11110
What is -1 (base 9) in base 15?
-1
Convert -4 (base 14) to base 5.
-4
0 (base 8) to base 3
0
What is -10 (base 5) in base 2?
-101
3 (base 10) to base 4
3
Convert c9 (base 15) to base 9.
230
What is -313 (base 4) in base 2?
-110111
Convert 1001010 (base 2) to base 11.
68
What is -4 (base 13) in base 9?
-4
23 (base 4) to base 13
b
-120 (base 6) to base 12
-40
What is 1 (base 10) in base 8?
1
15 (base 10) to base 12
13
Convert 11022 (base 3) to base 16.
74
What is -6 (base 8) in base 16?
-6
Convert -41 (base 5) to base 8.
-25
Convert -11 (base 4) to base 5.
-10
Convert -5 (base 10) to base 5.
-10
-10 (base 3) to base 11
-3
What is 4 (base 6) in base 8?
4
Convert -2 (base 13) to base 2.
-10
3103 (base 4) to base 11
182
What is 2 (base 14) in base 2?
10
Convert 5 (base 12) to base 13.
5
2 (base 6) to base 10
2
-140 (base 6) to base 3
-2020
What is 52 (base 8) in base 11?
39
What is 36 (base 11) in base 2?
100111
What is -2 (base 11) in base 9?
-2
Convert 24 (base 11) to base 7.
35
What is -3 (base 10) in base 12?
-3
Convert 19 (base 11) to base 13.
17
What is -20 (base 8) in base 2?
-10000
13 (base 4) to base 10
7
What is 1202 (base 6) in base 9?
352
-1 (base 11) to base 15
-1
-c (base 13) to base 2
-1100
What is -4 (base 10) in base 5?
-4
-23 (base 6) to base 7
-21
Convert -16b (base 13) to base 9.
-316
2 (base 7) to base 14
2
6 (base 14) to base 3
20
Convert -26 (base 14) to base 6.
-54
1 (base 16) to base 3
1
What is -220 (base 7) in base 5?
-422
-11 (base 2) to base 5
-3
-3 (base 13) to base 3
-10
11 (base 9) to base 7
13
2 (base 4) to base 7
2
28 (base 11) to base 13
24
What is 2 (base 9) in base 8?
2
What is -22 (base 14) in base 12?
-26
11 (base 7) to base 8
10
What is -20 (base 4) in base 12?
-8
0 (base 2) to base 12
0
-1 (base 11) to base 15
-1
-331 (base 6) to base 3
-11201
Convert -10000011 (base 2) to base 6.
-335
Convert 2 (base 14) to base 7.
2
What is -404 (base 5) in base 2?
-1101000
Convert -4 (base 5) to base 6.
-4
Convert 0 (base 10) to base 11.
0
What is 42 (base 12) in base 2?
110010
-4 (base 7) to base 14
-4
Convert 4 (base 15) to base 4.
10
8 (base 9) t